What are the prime factors of z?
1951
Let q = 3939 + -1170. What are the prime factors of q?
3, 13, 71
Let x = 2 - 3. Let z be (x - 0)*468/(-12). Let t = -9 + z. What are the prime factors of t?
2, 3, 5
Suppose 0 - 8 = r + 3*h, 32 = 3*r - 5*h. Suppose 0*b = r*b + 16. Let t(p) = -7*p - 1. What are the prime factors of t(b)?
3
Suppose 0 = 3*g - 4*g + 3. Suppose -j + 17 = 2*q - 20, -4*j - g*q = -138. Let f = 83 - j. What are the prime factors of f?
2, 5
Suppose 19 = 3*h - 14. Let j(a) = a**3 - 12*a**2 + 1 - a**3 + h*a - a**3. List the prime factors of j(-13).
3
Let y(d) = 2*d - 6. Let h be y(4). Suppose 3*c - 7*i + h*i = 8, 3*c - 2*i - 5 = 0. List the prime factors of (-77)/(-2) - c/2.
2, 19
Let c = -47 - -34. Let x = -4 - c. Suppose -x = m - 27. List the prime factors of m.
2, 3
Let q(s) be the second derivative of s**5/20 - s**4/4 - s**3 + 3*s**2/2 - 47*s. List the prime factors of q(6).
3, 5
Let c = -196 - -646. What are the prime factors of c?
2, 3, 5
Let v = -1501 - -1568. List the prime factors of v.
67
Suppose -1777 = 6*o - 5587. List the prime factors of o.
5, 127
Let p(c) = 0*c**2 + 4*c + 7*c**2 - 12*c**2 - 9 + 8*c**2. What are the prime factors of p(6)?
3, 41
Suppose -12*r + 6 = -9*r. Suppose 3*l + 2*l - w = 540, 204 = r*l + 2*w. What are the prime factors of l?
107
Let t(m) = 2*m**3 - 4*m**2 - 3*m + 6. Let g be t(3). Let f be 243/g + (-4)/20. Suppose -y - 3*p + 28 = 0, 55 = 3*y - 4*p - f. List the prime factors of y.
5
Let n = 464 - 64. List the prime factors of n.
2, 5
Let u = 26 - 20. Let k(b) = 3*b - 4*b + 11*b - b - u. What are the prime factors of k(4)?
2, 3, 5
Let d(a) = 2*a**2 - 5*a - 6. Let h be (-24)/32 + (-17)/4. List the prime factors of d(h).
3, 23
Let u(l) = l**2 + 2*l - l - 5*l + 6. Suppose 8 = -4*d, -3*o + 23 = -8*d + 7*d. List the prime factors of u(o).
3
Suppose 9*p = -p + 1380. Suppose p + 239 = 13*u. What are the prime factors of u?
29
List the prime factors of 6 + 9/(63/3598).
2, 5, 13
Suppose -5*u + 3*d + 2*d = 2365, -2*u - 931 = 3*d. Let f = u + 661. What are the prime factors of f?
191
Suppose 4*f - 3127 = -5*u, -u = 5*f - 112 - 505. What are the prime factors of u?
3, 11, 19
Suppose r - 4*r = -4*n + 12, -5*n = -5*r - 15. Let d be 1/3*(9 + r). Suppose d*z = 4*o - 10 - 112, 5*o = 5*z + 150. What are the prime factors of o?
2
Let f(d) = d**3 - d**2 + 2*d + 6. Let q be f(0). Suppose h + 230 = q*h. List the prime factors of h.
2, 23
Let t(j) = 11*j**2 + 2*j - 18. Let s be t(-6). What are the prime factors of (1 - 2)/((-6)/s)?
61
Let z(i) = 2*i**2 + 50. What are the prime factors of z(-23)?
2, 277
List the prime factors of 3/27 + ((-359264)/(-18))/8.
5, 499
Let t = 44 + -35. Suppose -4*i + 124 = f, 100 = 4*i - t*f + 4*f. What are the prime factors of i?
2, 3, 5
Suppose 0 = 385*a - 389*a + 1280. What are the prime factors of a?
2, 5
Suppose -3*c + 9 = 0, 3*v + 2*c - 223 = 1010. What are the prime factors of v?
409
Suppose -2*q = -6*q + i + 24, 3*i + 12 = 0. Suppose -4*g + 2*w = 3*w - 117, w - q = 0. What are the prime factors of 1 + (g - (-9)/(-3))?
2, 13
Suppose z - 246 = -p - 3*p, 0 = z - 5*p - 210. Suppose 2*a - z = -46. List the prime factors of a.
2, 23
Suppose s - 44 = -5*u, 5*s + 3*u - 160 = -2*u. Suppose 5*p + b - s = 0, -5*p - 3*b = -0*b - 37. What are the prime factors of p/((-15)/18)*-1?
2, 3
List the prime factors of 2*(6/45 + 10648/240).
89
Let k = 1148 - 807. List the prime factors of k.
11, 31
Suppose -499 - 2054 = -3*t. List the prime factors of t.
23, 37
Let j(o) = 2*o**2 - 9*o + 14. List the prime factors of j(43).
5, 7, 19
Suppose -z - 4*z = -15. Let a be z/(((-1)/17)/1). What are the prime factors of a/(-3*(-1)/(-3))?
3, 17
Let x(a) = -5*a - 29. Let c(m) = m - 15. Let q(f) = -2*f + 22. Let v(u) = 8*c(u) + 5*q(u). Let h(y) = -11*v(y) + 4*x(y). List the prime factors of h(8).
2, 5
Suppose -34*u = -53*u + 29165. What are the prime factors of u?
5, 307
Let l(g) = -285*g - 36. What are the prime factors of l(-2)?
2, 3, 89
Let o(t) = -12*t + 2. Suppose 54 = 3*j + 63. What are the prime factors of o(j)?
2, 19
Let n(s) = -3*s**2 + 156*s - 70. List the prime factors of n(31).
7, 269
Suppose 4*x - x = 51. Suppose -x = -3*t - k, -37 = 2*t - 5*t - 5*k. Suppose -110 + 18 = -t*i. What are the prime factors of i?
23
Let y = 298 - 37. Suppose 0 = -0*c + c - y. What are the prime factors of c?
3, 29
Let r(t) = t. Let k be r(3). Suppose -2*g + g + 2 = -4*i, -2*i - 22 = k*g. List the prime factors of 495/(-22)*8/g.
2, 3, 5
Let v = 66 - -445. List the prime factors of v.
7, 73
Let d = -2462 + 3855. What are the prime factors of d?
7, 199
Let w(l) be the third derivative of l**5/60 - 5*l**4/12 + 7*l**3/3 + 26*l**2. What are the prime factors of w(-8)?
2, 79
What are the prime factors of 89*2 + (8 - (-3 - -8))?
181
Let p(m) = m**2 - 5*m - 7. Let s(q) = -5*q**2 + 20*q + 29. Let k(n) = 9*p(n) + 2*s(n). Let l be k(-5). List the prime factors of 366/15 + 2/l.
2, 3
Let o(s) = -s**3 + 13*s**2 - 5*s + 8. Let q(p) = -p + 30. Let y be q(19). List the prime factors of o(y).
3, 5, 13
List the prime factors of 5 - (-512*54/12 - 1).
2, 3, 5, 7, 11
Suppose 2*n + 8457 = 5*l, -598 = -l - 2*n + 1091. List the prime factors of l.
19, 89
Let w(j) = -2*j + 6. Let c be w(5). List the prime factors of (-230)/15*6/c.
23
Let f = -33 - -38. Suppose 107 = 6*d + f. What are the prime factors of d?
17
Let g(j) = j**2 - 5*j - 4. What are the prime factors of g(-13)?
2, 5, 23
Let z be (-2658)/22 + 26/(-143). Let j = z - -207. What are the prime factors of j?
2, 43
Suppose -32*p + 6648 = -26*p. What are the prime factors of p?
2, 277
Let s = -353 + 1148. List the prime factors of s.
3, 5, 53
Let z be (506/(-44))/(1/(-2)). Suppose -w = -0*w - z. What are the prime factors of w?
23
Suppose -8004 = -8*c - 1868. What are the prime factors of c?
13, 59
Let y be ((4788/(-8))/(-3))/(2/(-36)). What are the prime factors of (-12)/(-66) + y/(-33)?
109
Let d(r) = 5*r**2 + 6*r - 341. What are the prime factors of d(-23)?
2, 3, 19
Let m(q) = 2*q**2 + q - 9. Suppose -5*d = 3*a + 79, -4*a - 26 = 2*d - d. Let o = d + 8. List the prime factors of m(o).
3, 19
Let g = 25 - -1. Suppose 4*a = 5*a - g. What are the prime factors of a?
2, 13
Let y be 22/(-121) + 3966/33. Let l = 420 - y. What are the prime factors of l?
2, 3, 5
Let a be ((-12)/9)/(1/(-249)). Suppose -8*b = -4*b - a. List the prime factors of b.
83
Suppose f - 2*f - 4*w - 930 = 0, 4*f = 2*w - 3720. List the prime factors of f/(-4) + 2*(-1)/4.
2, 29
Let v = 3072 + -1669. What are the prime factors of v?
23, 61
List the prime factors of 6 - 15/(-9)*6.
2
Suppose 5*d = 4*b - 45, -2*b - 3*b + 20 = d. Suppose 5*c + 67 - 22 = 5*h, h = b*c + 25. Suppose 26 = -4*q + h*q. What are the prime factors of q?
2, 13
Let m(v) = -5*v**2 + 1 + 6*v - 5*v**2 + v**3 + 7 + 2*v**2. Let q be m(7). List the prime factors of -8 + 5 - q*-13.
2, 5
Let a(v) = 55*v**2 - 3*v - 5. Let f be a(-2). Let p be 2*(f/(-2) + 3). Let w = -142 - p. List the prime factors of w.
73
Suppose 4*v + 25 = -3*c - 2, -4*c - 8 = -4*v. Let f = 2 - v. Suppose -10*u + 130 = -f*u. List the prime factors of u.
2, 13
Suppose -3*l - 36 = l. Let v be (-11)/(-3) - 3/l. Let x = 12 + v. List the prime factors of x.
2
Suppose 2*t - 28 = t. Suppose -t = -2*w - 4*d, -3*w - 3*d + 8 = -19. Suppose 5*v - 335 = 5*h, 0*v - v - w*h = -47. List the prime factors of v.
3, 7
Let c = -142 - -193. Suppose -d = -62 + 1. Suppose -4*b + d = -c. What are the prime factors of b?
2, 7
Suppose -113 = -4*r + 71. Let l = r - 30. Suppose l + 77 = 3*q. List the prime factors of q.
31
List the prime factors of 6/(-18) + (-6594)/(-18).
2, 3, 61
Let y be (0/(-1) - 1) + 1. Suppose n + y*n = 0. What are the prime factors of (-9)/(-3) - n - -12?
3, 5
Let r(h) = h**3 + 4*h**2 + h + 4. Let a be r(-4). Let m be a/(2 - 0/2). Suppose -z + 22 = -m*z. What are the prime factors of z?
2, 11
Let y = 31 + 14. Suppose o + 69 = 5*s, s - 5*o - y = -12. Let l = 26 - s. What are the prime factors of l?
13
Let v be (2 + -4 + 2)/(-1). Suppose v*x = -3*x - 3. What are the prime factors of ((-1)/x)/((-2)/(-12))?
2, 3
Let d(r) = 129*r**2 - 6*r + 5. What are the prime factors of d(3)?
2, 7, 41
Let i(n) = -n**3 - 39*n**2 - 6*n - 40. List the prime factors of i(-40).
2, 3, 5
Let h = 115 + 153. List the prime factors of